2 + -1 - (-88 + (1 - -12) + 57)?
-75
Calculate 19 + (7 - 14) + (2 - -38).
52
Evaluate 1 - (1 + -3 - -6 - 1) - (555 + -663).
106
-2 - (9 + -11) - (54 - (5 + 11))
-38
Calculate 0 - (56 - (-41 + 23 - -24)).
-50
Calculate -19 + 38 - 19 - 42.
-42
What is the value of -11 + 55 + -35 - 56?
-47
Evaluate -19 + -2 + (247 - 219) + (-3 - -3 - -9).
16
(-21 - (97 + -16 + 5)) + 14 + -2 + 0
-95
Evaluate 1 + -3 + -26 + (5 + (-22 - -9) - -11).
-25
What is (-10 - (-29 - -1) - 10) + -3 - 36?
-31
Calculate -18 - (-104 + 123 - -80).
-117
Evaluate -9 - (-16 - (-37 - -33) - (4 + 143)).
150
What is (16 - (-145 + 177)) + (0 - (-2 - 110))?
96
What is the value of -1 + 1 - (-19 - (37 - (0 - (-13 + 24))))?
67
Evaluate 2 + 0 + (-206 - (-228 - -51) - (-1 - 12)).
-14
Calculate -12 + 8 + (2 + -3 + -7 - -2) + -32.
-42
(-1822 + 1809 - (-26 + 0 + 1)) + -15
-3
What is the value of (435 - 446) + (42 - -5)?
36
Evaluate 1 + -1 + -14 + 4228 + -4214.
0
(23 - 32 - (-5 + 5 - -1)) + 5
-5
(-2 - -2) + 137 + -123
14
(-16 - -12) + -15 + -103 + 77
-45
What is -6 + -109 + (-1339 - -1388)?
-66
What is the value of 19 - (12 + -6) - (-29 + 34 - -5)?
3
What is -69 + (-2 - 10 - (-355 - -334) - (16 + 0))?
-76
-6 - (-4 - -3) - 1 - (-169 + 137)
26
-12 + (62 - 28 - -32)
54
Evaluate 9 + (16 - 4) + (3 + -15 - (-95 + 13)).
91
-1 + -53 - (130 - (138 + -31)) - 17
-94
What is the value of (7 - (5 + 7)) + (-11 - -5 - 25)?
-36
What is the value of (81 - (14 + 16)) + (11 - -1)?
63
What is the value of 46 + 204 + -189 + -34 + 1?
28
Calculate -17 + 10 + 2 + (8 - (-1 + 3)).
1
-24 - (-13 - (-42 + 20)) - -21
-12
Evaluate (117 - (-141 - -274)) + 83.
67
What is the value of 833 - 797 - (-3 - (2 - -15))?
56
What is 68 + (-153 - -145) + -93?
-33
What is the value of -28 + (1 - (-112 - -59))?
26
What is the value of (-6 - 19 - 15) + (18 - (13 - 3))?
-32
What is the value of -3 + (3 - -131) - (-81 - -31 - -58)?
123
Calculate (47 - -4) + -33 - 72.
-54
What is (-15 - (14 - 41) - 17) + 101 + -19?
77
(-68 - -27) + 1 + -1 + -47
-88
What is the value of -9 + 98 + 82 + -14?
157
What is the value of -9 - (8 + (7 + 0 - (4 - 0) - 63))?
43
Calculate (36 - (28 + 2) - (31 - 0)) + -10.
-35
What is the value of (15 - 49) + 88 + -50?
4
Evaluate (188 - 166) + (-1 - -9) - 14.
16
Evaluate -3 + (117 - (78 + -36)) - (-1 - -2).
71
Calculate -152 + 157 + -30 + -56.
-81
What is the value of -3770 + 3765 - (-1 - (37 - ((0 - -2) + -1)))?
32
Evaluate -5 - (9 - 1 - (22 - (-48 - -51))).
6
Evaluate -32 - (-83 - (19 - 43) - -31).
-4
43 + -11 + (35 - 48)
19
Calculate -12 - (2 - 0) - ((-29 - (19 + -37)) + -28).
25
Evaluate -394 + 394 + 4 + 6.
10
What is the value of -25 - (-4 - (-78 - -19))?
-80
Calculate -50 + 41 + 17 + -11.
-3
What is the value of -10 + -33 + 147 + -73?
31
Calculate -63 + 192 + -36 - 58.
35
Evaluate (0 + 25 + 7 - -4) + 0 + 11 + -1.
46
-9658 + 9651 + (2 - 1 - -67)
61
Calculate (-51 - (11 - 23)) + -14 + 3 - (-11 - -2).
-41
127 - (7 - -22) - 139
-41
(-21 + 18 - 63) + -23 - -4
-85
Calculate (-25 - -3) + -6 + (-9 - -13).
-24
What is -8 + 113 + -236 + 15?
-116
What is the value of -1 - (8 - -7) - (66 - 75)?
-7
What is the value of (-1 + (-7 - -1) - -5) + 8 - (-37 - 18)?
61
19 + (0 - (7 + -4)) + (-5 - 3) + -36
-28
What is 934 + -966 + (-1 + 1 - ((1 - 1) + -2))?
-30
Calculate -8 + 5 - 81 - (74 + (-188 - -92)).
-62
What is 82 - ((-3 + -6 - -3) + (23 + -14 - 0))?
79
What is 85 - (-15 - 34 - -171)?
-37
What is the value of (-5 - 0 - (15 + -4 + 61 + -39)) + 4?
-34
Calculate 704 + -796 + 4 + (-3 - -14).
-77
What is the value of 304 - 293 - (36 - -6)?
-31
Calculate -11 - (4 + 0 + (-104 + 126 - 73)).
36
(-15 - (-72 - -34 - -31)) + -5
-13
Evaluate -59 - -65 - ((-4 + -1 - 0) + -12).
23
Calculate -12 + (0 - 8 - 3) + 0 - (5 + -1).
-27
Calculate 69 + -86 + 34 + -20.
-3
Evaluate -30 + -3 - (1535 + -1597).
29
Calculate -99 + 4 + 32 + 90.
27
What is 97 - (-14 - (-9 + 21 + (3 - 14)) - -11)?
101
Evaluate 32 - ((-2 - (0 + -9 + -4)) + -18).
39
Evaluate 11 - ((-4 + 0 + 4 - -26) + 2).
-17
What is the value of (-33 - (-9 + 10 + 4)) + -3?
-41
Calculate -1580 + 1522 - (-2 + -28).
-28
What is 18 + 1 - (46 + (3 - (10 - 34)))?
-54
What is (-158 - 91) + 150 + (38 - 2)?
-63
What is 6 + (5 - 32 - -12 - (-18 + 20))?
-11
Evaluate 42 - (-83 - -132) - (-1 - -8).
-14
What is 6 + (12 - 12 - 5 - 1 - -11) - 25?
-14
(23 - -26) + -37 + -6 + -112
-106
(10 + -23 - -4 - (-72 + 57)) + 1 + -9
-2
What is 13 + (-7 - 13 - (-12 - (-3 - 11)))?
-9
165 + -116 - (87 - 2)
-36
What is the value of -53 + -11 - -105 - (-4 + (7 - 25))?
63
What is the value of 8 + -3 - (-2 - 3 - -15 - -7)?
-12
Calculate (-17 - (-20 - 25)) + -34.
-6
-10 + -46 + 13 + -1 + -19
-63
Calculate (-42 + 10 + 8 - -6 - 14) + (-3 - 2).
-37
What is the value of 3 - -49 - (-7 + (7 + -11 - -10))?
53
Evaluate -8 + (-11 - -30) + 15.
26
(-1 - (-35 + -11)) + -43
2
What is 21 - (-1 - -40 - 20) - 18?
-16
What is 4 + 39 + -80 + 121?
84
What is (2 - 4) + 19 + (35 - -2 - 112)?
-58
10 - (14 + 15 - (-5 + -2))
-26
Evaluate -4 - -16 - (-33 + 36).
9
What is (414535 - 414442) + (11 + 0 + 0 - 0)?
104
Calculate -11 - (-27 + 75 - (7 - 1)) - (-4 + 0).
-49
Evaluate 43 - (-36 + 31 + 9).
39
Evaluate -3 + -4 + (-35 - -51) + 34.
43
What is -29 - (-1 - (-11 - (0 - ((3 - -8) + -14))))?
-42
What is -1 - ((-40 - -38) + -4)?
5
What is 13 - (3 + 8 + (24 - (43 - -1)))?
22
What is the value of (9 - 1) + 7 + -7 + (-45 - (-155 + 54))?
64
Evaluate 4 + 51 - 36 - (-2 + 16).
5
Calculate 20 - (-4 + 9) - (72 - 41).
-16
Evaluate -6 - (3 - (2 + 0)) - (-317 - -326).
-16
(23 - (8 + -3 - -4)) + -22 + 9
1
1 + -1 + -19 - (-27 - (102 + -33))
77
Evaluate (24 - 17) + (7 - (127 - 2)) + 19.
-92
Calculate 13 + (12 - (26 - (-3 + 4))) + 10.
10
(508 - 400) + -3 + 16 + 1 - 15
107
Calculate 175 + 251 - 430 - (-72 - (0 + 2)).
70
Calculate (-9 + 6 + 31 + 8 + 8 - -12) + 6.
62
6 - (208 + -230) - (94 + -1)
-65
Calculate -60 + 100 + -13 + -3.
24
Evaluate 12 + -1 - (-1357 + 1404).
-36
Evaluate 155 + -1 + 2764 + -2810.
108
Evaluate (131 - -218) + -155 + -56.
138
What is (11619 - 11740) + (26 - -1)?
-94
What is the value of -1 + (74 + -4 + -5 - 2 - 2)?
60
What is -74 + 5 + (-121 - -186)?
-4
Calculate -832 + 706 + (117 - 6).
-15
-3 - (56 + -6 + 18 + -8 + -4)
-59
What is the value of 31 + -18 - 4 - 4 - (-1 - 1) - 56?
-49
What is the value of -60 - -45 - (21 + 9)?
-45
What is the value of -36 - 1 - (-5 + 26 + -10 + -7)?
-41
(44 - 0) + (904 - 929)
19
Evaluate 13 + (-4 + (-2 - -7) - 6) - (-15 - 0).
23
(-240 - -2) + (-435 - -580)
-93
41 - (1 - 0 - 9) - (-362 + 347)
64
What is 24 - (-31 + (0 - -22) + 6)?
27
(-65 + 12 - -63 - -64) + (0 - (-2 + 6))
70
What is 18472 - 18475 - (72 - -1)?
-76
(-8 - 0) + (-1 - (-1 + -3)) + (6508 - 6520)
-17
Evaluate -9 - -8 - ((-8 - (-109 - -7)) + -8 + 16).
-103
1 + -4 + -8 + (-49 - -5) + 175
120
What is -4337 + 4429 - (0 - -121)?
-29
What is -86 + 124 + -61 + -14?
-37
What is the value of (-56 - -43) + 31 - 40?
-22
What is 11 + -27 - (-3 + -2 - 2)?
-9
What is the value of 10 + -32 + 15 + (-4 - (22 - 0))?
-33
Calculate -36 + -1 - (3 + -25 + (-9 - -19) + 16).
-41
What is (3 - (3 + 6)) + 35 + -4 + (11 - 1)?
35
What is the value of -44 + (-51 - 44 - -197)?
58
Calculate 15 - (34 - (-5 + 11)) - (-52 - (13 - 5)).
47
What is -108 - (-40 + -17) - 1?
-52
(-116 - (-3 + 10)) + (-2 + 0 - -12) + 1
-112
What is 5 - -9 - ((30 - -16) + -58)?
26
Calculate 44 + -134 + (26 - 21).
-85
(5 + -19 - (14 + -2 - 23)) + 2
-1
What is the value of (-312 - -325) + -37 + 4?
-20
Calculate 2 + 77 - 2 - (-17 + 2 - -31).
61
What is 2 + -102 + (-25 - (-20 + (33 - 56)))?
-82
Calculate -17 - (-48 + 46 - -4) - (-55 + -1).
37
What is -200 - (57 + (2 - 163))?
-96
Calculate -15 + 6 + (-5 - (17 + -19)).
-12
-57 + 27 + -6 - (-22 + 81)
-95
Evaluate (-18 - -5) + 1 + 8 + (-41 - (-16 + -14)).
-15
Evaluate 1 + (5 + (-19 - (6 + -9)) - (-4 - -10)).
-16
What is -40 - -45 - (-125 + -2) - (27 - (14 + 7))?
126
What is the value of (68 - 28) + -23 - (30 + -18 + -3)?
8
What is 25 + 4 + 0 + 20 + (13 - 27)?
35
What is the value of 6 - (-9 + 17 + 20 + -31 + -115 + -1)?
125
What is the value of 21 - -8 - 35 - (-123 + 10 + 0)?
107
What is the value of 6741 + -6754 + (0 - (0 - 27)) + 1?
15
What is the value of (-10 - 5) + (30 - 89) + 62?
-12
What is the value of -2 + -69 + (-13 - (21 - 26 - -9) - -26)?
-62
-34 + (16 + -7 - (-11 - -19)